00 is divided by 9?
6
What is the remainder when 16372 is divided by 16320?
52
Calculate the remainder when 510831 is divided by 145.
141
Calculate the remainder when 301623 is divided by 472.
15
What is the remainder when 16962757 is divided by 2131?
2128
What is the remainder when 1485903 is divided by 1104?
1023
Calculate the remainder when 99450 is divided by 1805.
175
Calculate the remainder when 75504 is divided by 4162.
588
What is the remainder when 16858954 is divided by 357?
343
Calculate the remainder when 632525 is divided by 10040.
5
Calculate the remainder when 632673 is divided by 5858.
9
Calculate the remainder when 117679081 is divided by 19.
16
Calculate the remainder when 60990 is divided by 73.
35
What is the remainder when 23812 is divided by 4757?
27
Calculate the remainder when 313454 is divided by 78362.
6
Calculate the remainder when 7563 is divided by 6687.
876
Calculate the remainder when 3104898 is divided by 387.
384
What is the remainder when 302543 is divided by 481?
475
What is the remainder when 899886 is divided by 29984?
366
What is the remainder when 46089 is divided by 14988?
1125
Calculate the remainder when 12430266 is divided by 26.
4
Calculate the remainder when 63591170 is divided by 1206.
1202
Calculate the remainder when 15428364 is divided by 3346.
3304
Calculate the remainder when 15177 is divided by 15106.
71
What is the remainder when 19096838 is divided by 596775?
38
Calculate the remainder when 39003111 is divided by 35393.
25
Calculate the remainder when 175867552 is divided by 214.
212
What is the remainder when 148494 is divided by 79?
53
What is the remainder when 1326860 is divided by 2537?
9
What is the remainder when 1528400 is divided by 61080?
1400
What is the remainder when 62074893 is divided by 8?
5
What is the remainder when 9995571 is divided by 518?
243
Calculate the remainder when 5523210 is divided by 1380799.
14
Calculate the remainder when 45271 is divided by 3752.
247
Calculate the remainder when 4120804 is divided by 34.
4
What is the remainder when 10873 is divided by 842?
769
What is the remainder when 10525560 is divided by 9?
6
What is the remainder when 138813 is divided by 27?
6
Calculate the remainder when 77319 is divided by 10712.
2335
What is the remainder when 2065355711 is divided by 504?
503
Calculate the remainder when 822294 is divided by 121.
99
What is the remainder when 32057088 is divided by 5342848?
0
What is the remainder when 243398 is divided by 121686?
26
Calculate the remainder when 48666 is divided by 224.
58
What is the remainder when 14151625 is divided by 3537902?
17
Calculate the remainder when 1820989 is divided by 385.
324
Calculate the remainder when 12976 is divided by 1221.
766
Calculate the remainder when 936112 is divided by 311751.
859
What is the remainder when 39614785 is divided by 890?
885
What is the remainder when 323323 is divided by 80559?
1087
What is the remainder when 1829092 is divided by 24?
4
Calculate the remainder when 4694759 is divided by 70071.
2
Calculate the remainder when 2199278 is divided by 2199268.
10
What is the remainder when 4100442 is divided by 3704?
114
Calculate the remainder when 80083 is divided by 39939.
205
What is the remainder when 1187999 is divided by 3833?
3602
What is the remainder when 19961437 is divided by 133?
132
What is the remainder when 181692 is divided by 84346?
13000
What is the remainder when 1637393 is divided by 93?
35
What is the remainder when 16134 is divided by 3803?
922
Calculate the remainder when 1207242 is divided by 37724.
74
What is the remainder when 2898875 is divided by 53?
40
Calculate the remainder when 140700 is divided by 19.
5
Calculate the remainder when 8441642 is divided by 1688297.
157
Calculate the remainder when 2685098 is divided by 40.
18
What is the remainder when 132490 is divided by 2082?
1324
What is the remainder when 225873 is divided by 408?
249
Calculate the remainder when 1055768 is divided by 1032.
32
Calculate the remainder when 6164753 is divided by 2054912.
17
Calculate the remainder when 18238035 is divided by 12.
3
What is the remainder when 6953461 is divided by 173826?
421
Calculate the remainder when 1413775 is divided by 104.
103
Calculate the remainder when 29860173 is divided by 48.
45
Calculate the remainder when 50168 is divided by 175.
118
What is the remainder when 645904 is divided by 80730?
64
Calculate the remainder when 16117622 is divided by 128.
118
What is the remainder when 186482 is divided by 5818?
306
Calculate the remainder when 385198 is divided by 192575.
48
What is the remainder when 167367795 is divided by 604?
603
Calculate the remainder when 265701309 is divided by 3408.
3405
What is the remainder when 2832939 is divided by 1416465?
9
What is the remainder when 39185 is divided by 8845?
3805
What is the remainder when 19365423 is divided by 1098?
1095
What is the remainder when 272002 is divided by 14290?
492
Calculate the remainder when 385209 is divided by 384263.
946
What is the remainder when 4616508 is divided by 1243?
6
What is the remainder when 838188 is divided by 1270?
1258
Calculate the remainder when 140970102 is divided by 2893.
2891
Calculate the remainder when 8541228 is divided by 1058.
1052
What is the remainder when 168567467 is divided by 144198?
5
Calculate the remainder when 29040287 is divided by 528005.
12
Calculate the remainder when 580662 is divided by 208.
134
What is the remainder when 31229599 is divided by 15614785?
29
Calculate the remainder when 271377 is divided by 9692.
1
What is the remainder when 20867053 is divided by 3370?
13
Calculate the remainder when 11720832 is divided by 41.
39
Calculate the remainder when 1900900 is divided by 36554.
92
What is the remainder when 6238884 is divided by 278?
8
Calculate the remainder when 8283476 is divided by 130.
6
Calculate the remainder when 80852666 is divided by 40426329.
8
What is the remainder when 2477033 is divided by 619216?
169
What is the remainder when 4496151 is divided by 345857?
10
What is the remainder when 131754 is divided by 7296?
426
Calculate the remainder when 14387513 is divided by 991.
175
What is the remainder when 2848545 is divided by 7304?
7289
Calculate the remainder when 11729552 is divided by 63062.
20
What is the remainder when 103170 is divided by 7933?
41
What is the remainder when 1217797 is divided by 427?
420
Calculate the remainder when 7232446 is divided by 116.
78
Calculate the remainder when 5372364 is divided by 3025.
2989
What is the remainder when 1895567 is divided by 16924?
79
Calculate the remainder when 143544 is divided by 240.
24
What is the remainder when 6777525 is divided by 1694246?
541
Calculate the remainder when 758624637 is divided by 3772.
3769
What is the remainder when 7246 is divided by 2362?
160
What is the remainder when 904990 is divided by 3679?
3635
Calculate the remainder when 17658230 is divided by 606.
602
Calculate the remainder when 147351 is divided by 47748.
4107
What is the remainder when 995313 is divided by 9048?
33
Calculate the remainder when 57670914 is divided by 7970.
7964
Calculate the remainder when 93713638 is divided by 332.
330
What is the remainder when 15876 is divided by 4631?
1983
What is the remainder when 3936854 is divided by 984005?
834
Calculate the remainder when 22228081 is divided by 207.
7
What is the remainder when 2603466 is divided by 7?
5
Calculate the remainder when 6314580 is divided by 2337.
6
What is the remainder when 1655684 is divided by 4029?
3794
Calculate the remainder when 204726975 is divided by 18.
15
What is the remainder when 483021 is divided by 271?
99
What is the remainder when 1519143 is divided by 700?
143
What is the remainder when 427484028 is divided by 7?
6
Calculate the remainder when 5722648 is divided by 215.
208
What is the remainder when 7288396 is divided by 69?
64
What is the remainder when 8104710 is divided by 1384?
6
What is the remainder when 30902331 is divided by 7725579?
15
What is the remainder when 248582 is divided by 8568?
110
What is the remainder when 10328076 is divided by 16?
12
What is the remainder when 12793 is divided by 2071?
367
What is the remainder when 25675 is divided by 16